x(v)?
2, 3, 5
Let x = 12 + -7. Let a = 10 - -11. Suppose 0 = 4*g - s - a, x*g + 2*s - 43 + 7 = 0. What are the prime factors of g?
2, 3
Suppose 0 = -4*d + 117 + 23. Let p = 38 - d. Suppose 5*l = -4*s + 230, -p*l - 69 = -5*l + 3*s. List the prime factors of l.
2, 3, 7
Let k be 5/15*21 - 2. Suppose -k*l = -4*v - 245, -2*l + 4*v + 62 + 48 = 0. What are the prime factors of l?
3, 5
Suppose 17*d = 6859 + 1335. What are the prime factors of d?
2, 241
Let h = 2707 + -1621. What are the prime factors of h?
2, 3, 181
Let o(g) = 2*g - 9 - 2*g**2 + 3*g + 3*g**2. Suppose 4*y = y - w - 31, y = 3*w + 3. What are the prime factors of o(y)?
3
Suppose -5*c + 192 = -83. Let h = 254 + c. What are the prime factors of h?
3, 103
Let u(g) = -g**3 - 8*g**2 + 6*g - 3. Let l be u(-9). Let h = l + -108. What are the prime factors of (5 - 10)*h/10?
2, 3, 7
Let w = 4068 - 2280. List the prime factors of w.
2, 3, 149
Let n(u) = 2*u + 3*u + 3*u - 3. Let c be n(3). What are the prime factors of c/((-12)/8 + 3)?
2, 7
Let n(v) = v**3 - 5*v**2 + 3*v - 11. Let j be n(5). List the prime factors of (-1)/((-4)/(-738))*j/(-3).
2, 3, 41
Let v be 3/(-5) + 1 - 75777/(-195). Let m = -209 + v. List the prime factors of m.
2, 3, 5
Let a = 20 + -52. Let v be (a/12)/(6/117). Let o = -20 - v. List the prime factors of o.
2
Suppose -11740 = -3*j - 5*k, 0 = -2*j + 4*j - 4*k - 7812. List the prime factors of j.
2, 5, 17, 23
Let v(g) be the first derivative of 7*g**3/3 + 9*g**2/2 + 14*g + 18. What are the prime factors of v(-6)?
2, 53
Let v = -7159 - -11937. What are the prime factors of v?
2, 2389
Suppose 0*t - 3*f + 7 = -t, f = 4. Suppose -3*m = 2*l - 1 - 17, t*m = -5*l + 35. What are the prime factors of (-1)/(l*(-2)/138)?
23
Suppose -2*g + 148 + 56 = 0. Suppose 446 - 86 = -5*k. Let r = g + k. What are the prime factors of r?
2, 3, 5
Let f = 363 - 224. Let g = f - 232. What are the prime factors of 4/(-12)*g + -1?
2, 3, 5
Let a = -61 + 66. Suppose w = a*g + 79, 2*g - 234 = -5*w + 134. List the prime factors of w.
2, 37
Let g(k) be the third derivative of 3*k**4/4 + k**3/6 - 11*k**2. List the prime factors of g(6).
109
Let h = -3 + 5. Let k = -107 - -109. Suppose -2 - h = k*t, -128 = -5*l - t. List the prime factors of l.
2, 13
Suppose 17*m - 24868 = -1782. What are the prime factors of m?
2, 7, 97
Let w(u) be the second derivative of -u**3/3 - 6*u**2 - 10*u. List the prime factors of w(-12).
2, 3
Let b = 306 - -758. Suppose -w + b = 5*h, -305 - 535 = -4*h + 2*w. What are the prime factors of h?
2, 53
Suppose 310 = 6*n + 130. What are the prime factors of n?
2, 3, 5
Let l = -422 - -4377. What are the prime factors of l?
5, 7, 113
Suppose 0 = -5*b + 4*c + 3137, -b - 7*c = -9*c - 631. What are the prime factors of b?
5
Suppose -28*b + 31286 = -7270. List the prime factors of b.
3, 17
Let h = 210 + -83. What are the prime factors of h?
127
Let v(j) = -j**2 - 8*j - 3. Let i be v(-7). Suppose -f = -6*f - 4*p + 40, -3*p = -i*f + 32. List the prime factors of (f - 7)/(1/29).
29
Let t(g) = 4*g - 7. Let n = -11 - -19. Suppose o = -o + n. What are the prime factors of t(o)?
3
List the prime factors of 554 + 2/8*-4.
7, 79
Suppose v = 5*z + 253, -z = 3*v - 207 - 568. Suppose 27*w - v = 26*w. List the prime factors of w.
2, 3, 43
Let p(a) = 2*a**2 + 12*a - a**3 - 6 - 2*a**2 + 12. What are the prime factors of p(-5)?
71
Suppose -56*d + 50*d = -18426. List the prime factors of d.
37, 83
Suppose -5*q = -d + 3*d - 16, 3*q = -3*d + 15. Suppose 2*g - 12 = -0*i + q*i, -2*g - i = -3. What are the prime factors of g + -7 + 2 - -20?
2, 3
Let z(o) = -5*o**2 + 81*o + 31. Let i(u) = -u**2 + 20*u + 8. Let p(x) = -9*i(x) + 2*z(x). What are the prime factors of p(-14)?
2, 23
Suppose 5*o + t = 2872, 306 + 2009 = 4*o - 5*t. List the prime factors of o.
5, 23
Suppose -23*y - 11350 = -33*y. What are the prime factors of y?
5, 227
Suppose -4*a = -5*d + 11206, 2*d - 3*a = -5*a + 4468. What are the prime factors of d?
2, 3, 373
Let m(n) = 343*n - 28. List the prime factors of m(2).
2, 7, 47
Suppose 3*r - 238 = -49. Let n be 297/r - (-4)/14. Suppose 0*h - 85 = -n*h. List the prime factors of h.
17
Let p be (-11)/(3/(-1)*4/12). Let z = 382 + -267. Suppose -z = -16*i + p*i. What are the prime factors of i?
23
Suppose d + 73 = -2*n + 1352, -3872 = -3*d + n. Suppose 0 = -15*w + d - 44. List the prime factors of w.
83
Suppose i - 1 = 4. Let r = i - 1. Suppose 117 = r*g + 9. List the prime factors of g.
3
Let d = -30 + 34. Suppose -d*x + 66 = -2*x. What are the prime factors of x?
3, 11
Let h(v) be the second derivative of v**4/12 - 2*v**3/3 - 7*v**2/2 + 2*v. Suppose 30 = 4*w - c, -2*c + 49 = 4*w + 13. List the prime factors of h(w).
5
Suppose -7*z + 3*z + 3*d = -14, z + 2*d + 2 = 0. Suppose -z*o - 17 = 9. Let y(c) = c**2 + 9*c + 3. List the prime factors of y(o).
5, 11
Suppose u - 36 = -3*r - 2*u, 0 = -5*r + 4*u + 24. Suppose -d = a - r - 36, -a + d = -44. List the prime factors of a.
2, 11
Suppose 4*z = -4, 4*k - z - 9 - 4 = 0. Suppose -6*t + 4*t - 115 = -b, 237 = 2*b + k*t. List the prime factors of b.
3, 13
Suppose -3*g = -4*i + 5911, -4915 = -3*i - 2*g - 503. List the prime factors of i.
2, 11, 67
Let p = 8 - 10. Let y be (1 - p) + (-1 - -1). Suppose 2*q - 17 = -3*x, y*x + 5*q + 17 = 4*x. What are the prime factors of x?
7
Let m be (-13)/(-117) + 394/18. Let c = -15 + m. Let u = c - 5. List the prime factors of u.
2
Let a be (-964)/(-8) + (-6)/(-4). What are the prime factors of 16 - 13 - a/(-2)?
2
Let c be 1/2*24/(0 + 1). Suppose c*q - 125 = 103. What are the prime factors of q?
19
List the prime factors of 549/(-36)*-8*(-1)/(-1).
2, 61
Let d(q) = 2*q**2 + 8*q - 16. Let t be d(-8). Let b = 99 - t. List the prime factors of b.
3, 17
List the prime factors of (((-42)/(-4))/1)/((-114)/(-3496)).
2, 7, 23
Suppose 11*c - 10*c - 3 = 0. Let s = 3 - c. Suppose -47 = -5*p + x + x, s = 5*x - 20. What are the prime factors of p?
11
Let u(q) = -q + 17. Let c be u(14). Suppose -i - c = -1, -5*h = 2*i - 6. Let d = 31 - h. What are the prime factors of d?
29
Let t = 73 + -69. Suppose 85 = -t*n + 5*n. List the prime factors of n.
5, 17
Let o(k) = k**2 + 5*k + 6. Let b be o(-4). Let t be (b - 6)/((-2)/32). Suppose 2*y - 6*y + t = 0. List the prime factors of y.
2
Suppose 4*m = -h + 1354, -3*m + 0*h - 5*h + 1007 = 0. What are the prime factors of m?
3, 113
Suppose 48*h - 53*h + 3965 = 0. List the prime factors of h.
13, 61
What are the prime factors of 15 - 21 - (-1 - 2591)?
2, 3, 431
Suppose -4*b + 1275 + 1675 = 2*q, 0 = q + b - 1475. What are the prime factors of q?
5, 59
Let f = -12 + 4. Let b = 0 + f. List the prime factors of ((-4)/b)/((-2)/(-80)).
2, 5
Let m = -1 - -6. Suppose -m*t = 190 - 20. Let p = -15 - t. What are the prime factors of p?
19
Let f = -35 - -101. Let g be (-6)/(-21) + f/14. Suppose 0 = -0*q + 4*q - g*k - 72, -2*q + 3*k + 38 = 0. List the prime factors of q.
13
Let k = 40 - 44. What are the prime factors of k/2 - (-558)/9?
2, 3, 5
Let c(u) = u**3 + 5*u**2 - 13*u + 4. Let j be c(-7). Let z = 56 + j. List the prime factors of z.
53
Suppose -5746 = -5*x + 519. List the prime factors of x.
7, 179
Let l(h) = -h**3 - 11*h**2 + 2*h + 15. Let q be l(-11). List the prime factors of -15*(-12)/(-27)*3*q.
2, 5, 7
Let n = 12 - -4. Let y = n - 3. List the prime factors of (-2)/(-4)*(109 + y).
61
Let a(c) = 8*c - 18. Let i be a(2). Let n(m) be the third derivative of m**5/6 + m**4/12 - m**3/6 + m**2. What are the prime factors of n(i)?
5, 7
Suppose 0 = v - 2*v + 2*s + 154, -s = -5*v + 815. Let w = v + -48. List the prime factors of w.
2, 29
Suppose 4*v - 2*v - 272 = -2*p, -7*p = -4*v + 500. What are the prime factors of v?
2, 3, 11
Suppose 4*o - 1147 = 433. Let i = -237 + o. List the prime factors of i.
2, 79
Let o be (0 - 2) + (-182)/13. List the prime factors of o/(-96) + ((-3355)/(-6))/5.
2, 7
Let g(v) = v + 5. Let y be g(-7). Let s be ((4 - 4)/(-3))/(-1). Let m = s - y. List the prime factors of m.
2
Suppose -2*f = -r + 60, -2*r - f = 2*f - 85. Let j = r - 20. Suppose -l = -3*k + j, 14 = -2*k - 3*l + 34. What are the prime factors of k?
2, 5
Let c(s) = 4*s + 36. Let o be c(-9). Suppose f = 2*r - 324, o*f - 820 = -5*r + 5*f. List the prime factors of r.
2, 5
Suppose -2*i - 4*q = -132, 4*i + 5*q + 109 = 364. Suppose -i - 39 = -3*h.